 16. Let n(b) = b**2 - 2*b**3 + h*b - 20*b**3 + 1 + 8*b**3 - 5*b. Calculate n(1).
-13
Let u(q) = 53*q**2 - 52*q**2 + 37945 - 38034 - 6*q. Determine u(-6).
-17
Let d = -15991 - -15998. Let p(a) be the second derivative of a**5/10 - 7*a**4/6 + a**3/3 - 2*a**2 - 2*a. Give p(d).
10
Let x(q) be the first derivative of -3*q**2/2 - 6*q + 1376. Suppose 3*i = -0*i - 9. Calculate x(i).
3
Let w(b) be the first derivative of b**3/3 + 2*b**2 - 14*b + 280. Give w(-5).
-9
Let m(j) = j + 42. Let b be m(-14). Let w(n) = -30 + 5*n**2 + b - 4*n**2. What is w(-6)?
34
Let n(u) = 12*u + 3*u - 13 + 9 - 17 - 4*u - u**2. Give n(6).
9
Let s(x) = x**3 - 4*x**2 - 2*x - 11. Suppose 6 = 7*v - 29. Let m be s(v). Let f(z) = -z**2 + 8*z - 1. What is f(m)?
15
Let k(u) = 3*u**2 - 4*u + 5. Let o(s) = -s**3 - 4*s**2 + 4*s - 6. Let d(b) = 3*k(b) + 2*o(b). Calculate d(3).
-54
Let y(x) = -x**3 + 2*x**2 + 5*x - 4. Let s(o) = -o + 21. Let v be s(19). Suppose v*w + 43 = 5*t + 4*w, 20 = 5*w. Suppose 0 = 3*m - 16 + t. Give y(m).
2
Let a be 36/96 + 91/(-8). Let b(p) = -p**3 - 10*p**2 - 5*p + 47. Let k(w) = w**3 + 10*w**2 + 3*w - 43. Let c(f) = 8*b(f) + 9*k(f). Determine c(a).
11
Suppose 8 = -y - y. Let v(z) = -2*z**2 + 1. Let k(p) = 9*p**2 - 4*p. Let r(q) = k(q) + 5*v(q). What is r(y)?
5
Let w(a) = -6*a + 8. Let z(u) = u. Let r(k) = -w(k) - 5*z(k). Let n = -9445 + 9445. Give r(n).
-8
Let i(r) = -9*r - 4. Let g(q) = 10*q + 5. Suppose 4*b + 16 = -3*n, b + 3*b - 5*n = -48. Let o(f) = b*i(f) - 6*g(f). Calculate o(-6).
-20
Let d(y) be the third derivative of -y**5/30 - 3*y**4/4 + 19*y**3/3 - 61*y**2 - 4*y. What is d(-11)?
-6
Let b(p) be the second derivative of p**3/3 - p**2 - 6*p - 657. Let c(s) = -s**3 - 5*s**2 - 4*s + 3. Let i be c(-4). Let h be (-2 + i)*(3 - 10). Calculate b(h).
-16
Let t(v) = -2*v**2 - 25*v**2 - 6 - 2*v**3 + 15*v**2 + 8*v + v**3 - 4*v. What is t(-12)?
-54
Let d(o) = -3*o**3 - 18*o**2 + 29*o + 14. Let v(n) = -n**3 - 6*n**2 + 9*n + 5. Let i(f) = 2*d(f) - 7*v(f). Let x be (-8*5/10 - 3)/1. Give i(x).
-21
Suppose -10*u = -77*u. Let k(x) = -4*x - 2. Let g(f) = 7*f + 5. Let y(v) = 28*v + 21. Let i(h) = 9*g(h) - 2*y(h). Let a(n) = 3*i(n) + 5*k(n). What is a(u)?
-1
Suppose 2*o + 2*k = 3*o + 3, -o = 5*k - 25. Let t(r) = o*r + 6 - 14 - 7*r + 3*r - 7. Give t(15).
0
Suppose -3*h + 13 = -t - 0*h, -4*t = 2*h - 18. Let d(f) = -159*f**2 + 77*f**2 + 2 + 8*f + f + 81*f**t. Give d(9).
2
Let u(v) = 25 - 7*v**2 + 14037*v**3 + 29*v - 23*v - 14036*v**3. Determine u(5).
5
Let q(y) = -y - 3. Let k be ((-231)/22)/((-3)/2). Suppose 15 - k = 2*z. Suppose 3*g - 3*m = g + 20, g + z*m = -12. Determine q(g).
-7
Let r(j) = -218 - 4*j + 889 - 222 - 210 - 200. Give r(11).
-5
Let r(l) = l**3 - l**2 + l - 2. Let x(k) = -k**3 - 15*k**2 - 14*k + 15. Let o be x(-14). Suppose -o - 37 = 13*d. Let t be (d + (-28)/(-6))*3. Determine r(t).
4
Suppose -5*o + 4688*d - 4685*d + 62 = 0, 4*o - d = 51. Let l(a) = -a**3 + 12*a**2 + 9*a + 49. Calculate l(o).
-3
Let b(o) = -o - 19. Let x(j) = 321*j + 320*j - 642*j + 4. Let f(s) = b(s) + 5*x(s). What is f(-3)?
19
Suppose 0 = -f + 5*k - 7, 127*f - 128*f + 2*k = 1. Let p(w) = -6 - 3*w**2 + 3*w + w + 4 + 0. Calculate p(f).
-17
Let x(h) = -h**2 + 3*h + 6. Suppose -d + 26 = 2*u, 5*d - 100 + 6 = 2*u. Let p = 16 - d. Let l be 43/9 - p/18. Calculate x(l).
-4
Let v(c) = -15*c + 29. Let z = 8979 + -8978. Determine v(z).
14
Let a(p) be the second derivative of -p**5/5 - 2*p**4/3 - p**3/2 + 73*p. Let n(g) = 11*g**3 + 23*g**2 + 8*g. Let j(z) = -8*a(z) - 3*n(z). Give j(-4).
-16
Let x be ((-18)/(-12))/((-1)/(-2)). Let u(w) = 10 - x*w - 2 + 1. Let h be u(2). Let l(o) = o**2 - 4*o + 4. What is l(h)?
1
Let x be (-12)/(-32) + (17901/(-104))/27. Let d(n) = n**2 + 10*n + 5. Calculate d(x).
-19
Let a(o) be the second derivative of -o**5/10 - 17*o**4/6 - 5*o**3 + 35*o**2/2 - 11*o - 2. Let w be a(-16). Let d(t) = -t**2 + 4*t - 3. Calculate d(w).
0
Let d be 1/4 + (1210/(-40))/(-11). Let u(z) = 74*z - 74*z - z**2 - 4 + z**3. Let p(l) = l**3 - l**2 - 4. Let j(x) = 6*p(x) - 7*u(x). What is j(d)?
-14
Let n be (21/49)/((-24)/(-336) - 1/(-2)). Let m(l) be the second derivative of 1/6*l**3 - 1/12*l**4 - n*l**5 + 0 - 1/2*l**2 + 4*l. Calculate m(1).
-16
Suppose 7*u = -7 - 0. Let s(y) = -7*y - 3. Let p be s(u). Let k(i) = 8*i**2 - i**3 - p*i - 2*i - 56 + 66. Calculate k(7).
17
Let l(s) be the third derivative of 1/24*s**4 + 18*s**2 + 2 + 37/6*s**3 - 1/60*s**5 + 0*s. What is l(0)?
37
Let r(s) = -2*s + 1. Let i be -2 + 0 - (-5 + -1). Suppose -5*n = 5*c - 35, -2*n + 26 = i*c + n. What is r(c)?
-9
Let i(o) = -o**3 + 8*o**2 + 9. Let n = -40 + 123. Let q = n - 75. Calculate i(q).
9
Let v(o) be the first derivative of -2/3*o**3 - 1/2*o**4 - 1/2*o**2 + 1 + 0*o. Let p = -24119 + 24117. Give v(p).
10
Let f(p) be the third derivative of -p**7/5040 - 9*p**5/20 + 34*p**2. Let s(d) be the third derivative of f(d). Suppose 2 = -7*o + 5*o. What is s(o)?
1
Let d be (2 + -1)/((-2)/(-6)). Suppose d*x = -4 + 1. Let t(g) = 2*g**2 - g + 5. Let q(i) = -2*i**3 + 13*i**2 - 5*i + 30. Let m(h) = q(h) - 6*t(h). Give m(x).
2
Let f(l) = -7*l + 1. Let a(s) = -s**2 - 5*s + 35. Let v = 332 + -328. Let c be a(v). Calculate f(c).
8
Let z(w) be the first derivative of -w**4/2 + w**3/3 + 3*w**2 - 5*w + 560. Calculate z(3).
-32
Let c(r) = -458*r**3 + 871*r**3 + r - 415*r**3 + r**2 + 2. Let a(z) = -z**2 + 3*z - 3. Let h be a(2). Let p be h*(1 + -2 + -1). What is c(p)?
-8
Let r = 48 - 21. Let v(k) = -96*k + r*k + 35*k - 14 + 32*k. Determine v(-12).
10
Let y(f) = -37*f**3 + 78*f**3 - 2 - 2*f - 40*f**3. Suppose -3*j - 660 = -14*j. Let t = 58 - j. Calculate y(t).
-6
Let s(l) = -l - 3. Let a(d) = 7*d - 18. Let f(j) = -a(j) + 6*s(j). Let h be (-20)/100*(-4 - 1). Determine f(h).
-13
Let d(p) be the first derivative of p**4/4 + 16*p**3/3 + 6*p**2 - 47*p - 59. Calculate d(-15).
-2
Suppose -193*o = -180*o - 39. Let z(w) = -2*w**2 - 499*w**o + 8*w - 9*w + 3 + 497*w**3. Give z(-3).
42
Let h(w) = 0*w + 9*w**2 - w + 0*w. Suppose 0 = 5*g - 25, q + 14*g = 11*g + 27. Suppose -46*a + 2*m - 7 = -47*a, -3*a + 5*m = q. Determine h(a).
8
Suppose -3*f + 34*d - 39*d + 1 = 0, 2*d = 2*f - 6. Let n(z) be the first derivative of -22 - z**3 + 3*z + 1/2*z**f. Calculate n(3).
-21
Let c(l) be the first derivative of l**7/140 + l**6/360 - l**5/120 + l**4/24 + 8*l**3/3 + 167. Let h(o) be the third derivative of c(o). Determine h(2).
51
Let o(n) be the first derivative of -1/4*n**4 - 2*n**2 + 178 + 8*n - 7/3*n**3. Give o(-6).
-4
Let n be 12/22 - (-26100)/550. Suppose -33 = n*f - 43*f - r, 0 = -r + 3. Let k(q) = q - 1. Give k(f).
-7
Let x = -1552 + 1552. Let a(t) = 2*t - 14. Let o(v) = -v + 7. Let g(q) = -6*a(q) - 11*o(q). Determine g(x).
7
Let z(a) = -12 - 19 + 7 - 20*a - 19 + 47. Give z(-5).
104
Let c(u) = 4*u. Let q = 14105 - 14113. Calculate c(q).
-32
Let u(c) = c**2 - 2*c + 2. Let s be 2*-9*(-16)/72. Calculate u(s).
10
Let z(f) be the first derivative of f**2/2 - 2*f + 190. Let a be 1 + -1 - 84/(-14). Determine z(a).
4
Let u(m) = -m**2 + 10*m - 17. Suppose -6*p = -0*p - 42. Let f be u(p). Let d(o) = -o + 4. What is d(f)?
0
Suppose -2 + 10 = -4*a. Let p = -451 - -874. Let h(i) = 2*i - 2*i**2 + 422*i**3 - p*i**3 + 2 + i**2. Calculate h(a).
2
Suppose 9*t = 14*t - 2*d - 32, -5*t + 3*d = -33. Let a(g) = -5*g - 15. Calculate a(t).
-45
Let t(o) be the third derivative of o**6/120 + o**5/6 - o**4/24 - o**3 + 1727*o**2 - o + 1. Let v(i) = i**2 + 12*i + 10. Let a be v(-10). Determine t(a).
4
Let l(h) = h**3 - 7*h**2 + 4*h - 2. Suppose 0 = q + 4*q - 20. Let p be 36/8*(16/3 - q). What is l(p)?
-14
Let o(f) be the second derivative of 1/20*f**5 + 0 + 2*f**2 + 63*f - 1/4*f**4 - 7/6*f**3. Calculate o(5).
19
Let v(x) = x**2 + 3*x - 9. Suppose m = w + 1, -1 = w - 2*m + 4. What is v(w)?
9
Let a = -2 + 8. Let n(d) = d**3 + a*d + 2 + 0*d - 5*d. Let c be 3/6*(-15 + 3) - -6. Give n(c).
2
Let j(g) = -31*g**3 + g**2. Let s be (-2 - (-4)/(-10))*(-50)/30. Let r(n) = -n**3 + 6*n**2 - 13*n + 21. Let a be r(s). Determine j(a).
-30
Suppose -4*z = 3*j - 1, -3*j - 3*z + 2 + 1 = 0. Let v(r) = r**2 - 17*r**j + 109*r - 50*r + 1 + r**3 - 60*r. Calculate v(1).
-15
Let z(u) = -331*u + 5 + 663*u + u**2 - 344*u + 28. Give z(8).
1
Suppose 0 = -2*o + 5*o + 4*v + 5, -3*o - v = -1. Let q(s) = -o - 364*s**2 + s - 363*s*